{"id":52,"date":"2024-01-25T14:26:32","date_gmt":"2024-01-25T13:26:32","guid":{"rendered":"https:\/\/www.rando-relaisamical.douce-france.net\/?page_id=52"},"modified":"2024-01-26T09:11:30","modified_gmt":"2024-01-26T08:11:30","slug":"autour-des-dentelles","status":"publish","type":"page","link":"https:\/\/www.rando-relaisamical.douce-france.net\/index.php\/autour-des-dentelles\/","title":{"rendered":"Autour des dentelles"},"content":{"rendered":"<p>Notre randonn\u00e9e du mercredi 24 janvier \u00e0 Gigondas.<u><\/u><u><\/u><\/p>\n<p>Temps ensoleill\u00e9 presque 20 \u00b0C.<u><\/u><u><\/u><\/p>\n<p>La m\u00e9t\u00e9o favorable doit ass\u00e9cher quelques franchissements boueux, <u><\/u><u><\/u><\/p>\n<p>sinon pr\u00e9voyez une paire de chaussures de recharge pour ne pas salir Titine.<u><\/u><u><\/u><\/p>\n<p>Le parcours&nbsp;: \u00ab&nbsp;Les Trois Yeux et les Dentelles Sarrasines&nbsp;\u00bb<u><\/u><u><\/u><\/p>\n<p>400 m de d\u00e9nivel\u00e9 (altitude max. 490 m) sur 12 kms, nous montons quasiment toute la matin\u00e9e, <u><\/u><u><\/u><\/p>\n<p><b>Cat\u00e9gorie <em> <u>Moyenne Plus<\/u><\/em><\/b><\/p>\n\n\nngg_shortcode_0_placeholder\n","protected":false},"excerpt":{"rendered":"<p>Notre randonn\u00e9e du mercredi 24 janvier \u00e0 Gigondas. Temps ensoleill\u00e9 presque 20 \u00b0C. La m\u00e9t\u00e9o favorable doit ass\u00e9cher quelques franchissements boueux, sinon pr\u00e9voyez une paire de chaussures de recharge pour ne pas salir Titine. Le parcours&nbsp;: \u00ab&nbsp;Les Trois Yeux et les Dentelles Sarrasines&nbsp;\u00bb 400 m de d\u00e9nivel\u00e9 (altitude max. 490 m) sur 12 kms, nous &hellip; <a href=\"https:\/\/www.rando-relaisamical.douce-france.net\/index.php\/autour-des-dentelles\/\" class=\"more-link\">Continuer la lecture de <span class=\"screen-reader-text\">Autour des dentelles<\/span>  <span class=\"meta-nav\">&rarr;<\/span><\/a><\/p>\n","protected":false},"author":1,"featured_media":0,"parent":0,"menu_order":0,"comment_status":"closed","ping_status":"closed","template":"","meta":{"ngg_post_thumbnail":0,"footnotes":""},"class_list":["post-52","page","type-page","status-publish","hentry"],"_links":{"self":[{"href":"https:\/\/www.rando-relaisamical.douce-france.net\/index.php\/wp-json\/wp\/v2\/pages\/52","targetHints":{"allow":["GET"]}}],"collection":[{"href":"https:\/\/www.rando-relaisamical.douce-france.net\/index.php\/wp-json\/wp\/v2\/pages"}],"about":[{"href":"https:\/\/www.rando-relaisamical.douce-france.net\/index.php\/wp-json\/wp\/v2\/types\/page"}],"author":[{"embeddable":true,"href":"https:\/\/www.rando-relaisamical.douce-france.net\/index.php\/wp-json\/wp\/v2\/users\/1"}],"replies":[{"embeddable":true,"href":"https:\/\/www.rando-relaisamical.douce-france.net\/index.php\/wp-json\/wp\/v2\/comments?post=52"}],"version-history":[{"count":6,"href":"https:\/\/www.rando-relaisamical.douce-france.net\/index.php\/wp-json\/wp\/v2\/pages\/52\/revisions"}],"predecessor-version":[{"id":117,"href":"https:\/\/www.rando-relaisamical.douce-france.net\/index.php\/wp-json\/wp\/v2\/pages\/52\/revisions\/117"}],"wp:attachment":[{"href":"https:\/\/www.rando-relaisamical.douce-france.net\/index.php\/wp-json\/wp\/v2\/media?parent=52"}],"curies":[{"name":"wp","href":"https:\/\/api.w.org\/{rel}","templated":true}]}}

<p>Notre randonnée du mercredi 24 janvier à Gigondas.<u></u><u></u></p>
<p>Temps ensoleillé presque 20 °C.<u></u><u></u></p>
<p>La météo favorable doit assécher quelques franchissements boueux, <u></u><u></u></p>
<p>sinon prévoyez une paire de chaussures de recharge pour ne pas salir Titine.<u></u><u></u></p>
<p>Le parcours&nbsp;: «&nbsp;Les Trois Yeux et les Dentelles Sarrasines&nbsp;»<u></u><u></u></p>
<p>400 m de dénivelé (altitude max. 490 m) sur 12 kms, nous montons quasiment toute la matinée, <u></u><u></u></p>
<p><b>Catégorie <em> <u>Moyenne Plus</u></em></b></p>


ngg_shortcode_0_placeholder

<p>Notre randonnée du mercredi 24 janvier à Gigondas. Temps ensoleillé presque 20 °C. La météo favorable doit assécher quelques franchissements boueux, sinon prévoyez une paire de chaussures de recharge pour ne pas salir Titine. Le parcours&nbsp;: «&nbsp;Les Trois Yeux et les Dentelles Sarrasines&nbsp;» 400 m de dénivelé (altitude max. 490 m) sur 12 kms, nous &hellip; <a href="https://www.rando-relaisamical.douce-france.net/index.php/autour-des-dentelles/" class="more-link">Continuer la lecture de <span class="screen-reader-text">Autour des dentelles</span>  <span class="meta-nav">&rarr;</span></a></p>
